Suppose -2*v = 10, 5*k - 2*k - 3168 = -l*v. Is k a prime number?
True
Suppose 0 = -5*q + 48308 - 15918. Let j = q + -4547. Is j a composite number?
False
Let z = -27 - -35. Let t be ((-68)/z)/(0 + (-3)/30). Suppose 400 + t = y. Is y a prime number?
False
Let m(f) = -f**3 - 4*f**2 - 9*f + 3. Let l = -7 + -12. Let g = l + 10. Is m(g) a composite number?
True
Let q be 1820/112 - 5/4. Suppose 8027 = s - 4*h, -3*s + q*h = 12*h - 24045. Is s composite?
False
Let r(j) = -513*j - 35. Let d = -391 + 389. Is r(d) prime?
True
Let u(j) = -j**3 - j**2 + 3*j - 1. Let k(p) = p**3 - 12*p**2 - 23*p + 35. Let v(y) = -k(y) - 2*u(y). Is v(-11) prime?
False
Let o = -42203 + 67194. Is o prime?
False
Suppose 0*x = -3*t - 2*x - 37, -3*x = 5*t + 62. Let p = t - -2. Let w(f) = f**3 + 10*f**2 - 14*f - 12. Is w(p) prime?
False
Let p(g) = 41*g**3 + 30*g - 8. Is p(11) a prime number?
False
Let y be 9/(-15) - 23/(-5). Let w be 2/2 + -73 + 30. Is (-71)/((y + -7)*(-2)/w) a composite number?
True
Suppose 2*c + 0*h = 3*h + 204785, -307203 = -3*c - 4*h. Is c prime?
True
Let c be (-3)/(-5*(-5)/(-144825)). Let b = 29528 - c. Is b composite?
False
Suppose 5*v + 11 = -q, 5*q - 8*q = 3*v - 3. Suppose q*d + 3*x - 397 = 0, 2*d - 229 + 38 = x. Is d composite?
False
Let m(g) = 1428276*g**2 + 133*g - 128. Is m(1) a prime number?
True
Let a(l) = -1132*l - 3058*l - 6 + 0 - 1. Is a(-1) a prime number?
False
Let m(n) = 5259*n - 2806. Is m(81) composite?
False
Suppose -20522 = -28*j + 42478. Let v(r) = 6*r - 1. Let n be v(1). Suppose n*i - 2665 - j = 0. Is i prime?
True
Let y(b) = b**3 - 12*b**2 + b - 10. Let n be (-88)/33*(-18)/4. Let k be y(n). Is (33379/145)/(k/10) composite?
False
Let f(p) = p**3 + 7*p**2 + 4*p + 26. Let d be f(-7). Let o(g) = -2365*g**3 - 2*g**2 - 3*g + 4. Is o(d) a prime number?
False
Let v(w) = -2502*w**3 + 4*w**2 + w - 2. Suppose 11 + 11 = -22*l. Is v(l) composite?
False
Suppose -4*l + 782 = 2*h, 5*l - 995 = -0*l + h. Suppose l*a - 197*a = 6449. Is a prime?
True
Let c be 302/11 - (-138)/253. Is 4/((-112)/(-49287))*c/3 a composite number?
True
Suppose 0 = -13*x + 18 + 73. Is ((-1347)/(-6))/(4/(x + 1)) a prime number?
True
Let j be (-1451)/(-3) - 6/9. Let s(d) = -d**2 - 3*d + 61. Let o be s(-9). Suppose 4*p + j = o*p. Is p composite?
True
Suppose -263*l = -554*l + 258*l + 7616103. Is l composite?
True
Let b = 531 + -313. Suppose 220*h = b*h + 10078. Is h prime?
True
Let k = -35 - -34. Is 3*1115/(-15)*k prime?
True
Let g(i) = 1496*i - 22. Let u(r) = 2993*r - 42. Let x(v) = -7*g(v) + 3*u(v). Is x(-3) a composite number?
False
Suppose 26*y - 46123 + 1637 = 0. Suppose 0 = n + i - y, 3*n + 12*i = 11*i + 5125. Is n a composite number?
True
Let w = -312 - -312. Suppose 521*g - 529*g + 81064 = w. Is g prime?
True
Suppose -z - 16240 = -4*q, 2*z + 3*z + q + 81242 = 0. Let f = 37109 + z. Is f prime?
False
Suppose 29*n + 1127091 = 50*n. Is n prime?
False
Let j be (-6)/15 + -8 + (-3652)/(-5). Suppose 0 = -8*n + j + 1430. Is n prime?
True
Let g(b) = 3*b**3 - 34*b**2 - 21*b - 19. Suppose 2*o - 36 = 3*n - n, -4*n = 3*o - 68. Is g(o) a prime number?
False
Let o(v) = 2*v - 557*v**3 + 4*v**2 + 556*v**3 + 5 + 2*v. Let z be o(5). Suppose z = -2*f + 7*f - 2570. Is f composite?
True
Suppose -5*u + 3*j - 7*j = 6, -j + 2 = 3*u. Suppose 7170 = i - w, u*i + 4*w - 14324 = 2*w. Is i a composite number?
True
Suppose 63*w + 77228 = 3*v + 58*w, v - w - 25746 = 0. Is v composite?
True
Let o(l) = -5*l**2 + 3*l - 2. Let s be o(-4). Let v = s - -82. Is 1/3 + (-7616)/v + 0 prime?
False
Let a(v) = -137*v**2 - 10*v + 12. Let j(l) = 136*l**2 + 8*l - 11. Let w(g) = 4*a(g) + 5*j(g). Is w(2) a prime number?
True
Suppose 3*q - 4*q = -5, 0 = z + 3*q - 5. Is 1*(-24294)/(4 + z) prime?
True
Let p = 6 - 7. Let d be (-2593)/((-1 + p - 0)/2). Let z = d - 1334. Is z composite?
False
Let v = -11082 - -17355. Let w(p) = -3619*p**2 + 3*p + 2. Let o be w(-1). Let j = v + o. Is j a prime number?
False
Let m(l) = 2327*l**2 + 3*l - 3. Let x be m(1). Let u = 4194 - x. Is u a composite number?
False
Let x be 108/(-81)*(4 + 1/(-1)). Is -10767*((-91)/21 - x) a prime number?
False
Let v(u) be the first derivative of -u**4/4 - 17*u**3/3 - 21*u**2 - 81*u - 235. Is v(-28) a composite number?
False
Is 166/4731 - (-7929093)/171 a composite number?
True
Is ((-64)/256)/((-3)/(-1947768)*-2) composite?
False
Suppose -4*m = d - 25, -5*d = 3*m + 2 - 59. Suppose -d*p = -8*p - 93. Suppose -4*c + p = -55. Is c composite?
False
Let c be 6*((-2)/(-3) - (-2)/(-6)). Suppose 4*w - 12905 = -5*f, -c*f - 4*w - 2581 = -3*f. Is f composite?
True
Suppose -11 = -v + 2*v + 4*x, -9 = -5*v - 4*x. Suppose -5*i = -4*i - 4, -24 = -2*l - v*i. Suppose -l*j = -32 - 102. Is j composite?
False
Let f(z) = -79*z**2 + 4*z. Let n be f(3). Let v = n - -1552. Is v prime?
True
Let f(u) = u**2 - 4*u + 35. Let j(v) be the second derivative of -v**4/6 + 2*v**3/3 - 17*v**2 + 24*v. Let n(i) = -3*f(i) - 4*j(i). Is n(-12) composite?
True
Let l(q) = 2*q**2 + 7*q - 16. Let v be l(2). Suppose -12*i = -v*i - 894. Is i composite?
False
Suppose z + 3*r + 3 = 5*z, -2*z - 3*r = -15. Is (194/(-8))/((-7)/1932*z) prime?
False
Suppose -3*q + 23 = -361. Let a(s) = 21*s + 9. Let o be a(6). Let g = o + q. Is g composite?
False
Let b(w) = -w**2 - 6*w + 9. Let t be b(-13). Is 86282/(-4)*t/287 a composite number?
False
Let w be -4 + (-5*(-4 - -8) - 0). Let a be (-3)/w + 18721/(-8). Let c = 4079 + a. Is c prime?
False
Let c(m) = 69*m**2 - 212*m + 2. Is c(-33) a composite number?
False
Suppose -g = 15*g + 981092 - 5511284. Is g prime?
False
Suppose -2*p = -7*p + 5*j + 11055, -4*p = j - 8849. Let v = p + -289. Let x = v - 334. Is x a prime number?
False
Suppose 2*r = 11*r. Is 6 + (-11 - r) + 696 - 0 composite?
False
Suppose -114 = -3*f - 5*n, 43*n = 41*n - 6. Suppose 37*r + 126708 = f*r. Is r prime?
False
Let k(l) = 4863*l**3 - l**2 - 2*l + 3. Suppose -5*i + 3*u = -25, -11*u + 10 = -5*i - 15*u. Is k(i) a prime number?
False
Let t(x) = -x**3 + 8*x**2 + x + 8. Let u be t(9). Let b(c) = 7*c**2 - 5*c - 1. Let n be b(-5). Let r = n - u. Is r a prime number?
True
Suppose 3*m + 3 + 231 = 0. Is (m/(-21))/((-17)/(-119)) a prime number?
False
Let q = 713 - 717. Let c(o) = 57*o + 10. Let x(w) = 57*w + 11. Let v(n) = -6*c(n) + 5*x(n). Is v(q) a composite number?
False
Suppose -3*j = 3, j = 2*g - g - 61. Is (32712/g)/(8/20) a prime number?
False
Suppose 3*b - o - 1119387 = 0, 378897 = 5*b + 3*o - 1486720. Is b composite?
False
Let i(h) = -85*h - 3. Suppose x = 13*x + 12. Let t be i(x). Let a = t + 169. Is a prime?
True
Let x(b) = -b**3 + 14*b**2 + 9*b - 2. Let g be x(11). Suppose -818 = -m + g. Suppose 5593 = 5*z + m. Is z a prime number?
True
Suppose -29*s = -26*s - 12. Suppose s*i + i = 92975. Suppose -5*q - i = -10*q. Is q prime?
True
Let l(o) = 5*o**3 + 4*o**2 - 3*o - 5. Let r be l(-1). Is r*1/(-2) - 31420/(-40) a prime number?
True
Suppose -j = -5*c + 364342, 4*c - 291461 = -20*j + 25*j. Is c a composite number?
False
Let q(h) = -12*h + 3. Let g be q(-1). Suppose 6 = -z + g. Let t(c) = 2*c**3 + 9*c**2 + 13*c - 13. Is t(z) a prime number?
False
Is 1357882 - (1*(-689)/130 + 6/20) prime?
False
Is 8/(-10) + (1225158448/(-408))/(20/(-6)) composite?
True
Suppose 500*t = 248*t + 254*t - 731294. Is t a composite number?
True
Let k = 181961 + -124458. Is k composite?
False
Suppose 0 = -12*x + 1381898 + 612226. Suppose 26*p - x = 87193. Is p prime?
False
Suppose 24*m - 29*m = -10. Let t(y) = 6 + 8 + 102*y - 3 + 102*y. Is t(m) composite?
False
Let y(t) = 3258*t**2 - 23*t - 8. Is y(5) a prime number?
False
Let l(x) = 970*x - 17. Let k(n) = -n**2 + 8*n - 5. Let i be k(7). Let z be l(i). Let u = -664 + z. Is u prime?
True
Let k = -76139 - -313060. Is k a composite number?
True
Suppose 0 = -4*i + 50575 + 13033. Suppose 0 = -2*p + 10832 + i. Is p a composite number?
False
Suppose -28 = -9*a + 2*a. Suppose 4*u - 16 = 0, 0 = 6*m - a*m + 5*u - 20. Is 649*1 + 3/(-6)*m a prime number?
False
Suppose -37 = -2*b + 6*l - 11*l, 4*b - l - 85 = 0. Suppose 18*a = b*a - 13587. Is a a composite number?
True
Suppose 0 = -667*y + 673*y - 198. Let h(b) = b**3 - 26*b**2 - 40*b + 8. Is h(y) prime?
True
Suppose -13862929 + 1381220 = -23*w. Is w prime?
True
Let j be -1 - 1/(-1) - (45 + -48). Suppose -6*b - 2*x - 15815 = -11*b, 2*x - 9489 = -j*b